{"id":1222,"date":"2023-06-02T11:45:22","date_gmt":"2023-06-02T09:45:22","guid":{"rendered":"https:\/\/agitproject.info\/?page_id=1222"},"modified":"2023-06-05T12:58:44","modified_gmt":"2023-06-05T10:58:44","slug":"1222-2","status":"publish","type":"page","link":"https:\/\/agitproject.info\/index.php\/cs\/agit-cestina\/1222-2\/","title":{"rendered":"Project info \u2013 \u010ce\u0161tina"},"content":{"rendered":"\n<div class=\"wp-block-stackable-spacer stk-block-spacer stk--no-padding stk-block stk-ea1e5e7\" data-block-id=\"ea1e5e7\"><style>.stk-ea1e5e7{height:100px !important}<\/style><\/div>\n\n\n\n<div class=\"wp-block-stackable-columns aligncenter stk-block-columns stk-block stk-a5f4fa1\" data-block-id=\"a5f4fa1\"><style>.stk-a5f4fa1{padding-top:6px !important;padding-right:6px !important;padding-bottom:6px !important;padding-left:6px !important;margin-bottom:100px !important}<\/style><div class=\"stk-row stk-inner-blocks stk-block-content stk-content-align stk-a5f4fa1-column\">\n<div class=\"wp-block-stackable-column stk-block-column stk-column stk-block stk-3e6dfc9\" data-v=\"4\" data-block-id=\"3e6dfc9\"><div class=\"stk-column-wrapper stk-block-column__content stk-container stk-3e6dfc9-container stk--no-background stk--no-padding\"><div class=\"stk-block-content stk-inner-blocks stk-3e6dfc9-inner-blocks\">\n<div class=\"wp-block-stackable-heading stk-block-heading stk-block-heading--v2 stk-block stk-69ec4fb\" id=\"strong-strong-o-projektu-strong-strong\" data-block-id=\"69ec4fb\"><style>.stk-69ec4fb .stk-block-heading__text{font-size:120px !important;color:var(--theme-palette-color-1,#00D085) !important;font-weight:normal !important;text-transform:uppercase !important;font-style:normal !important;font-family:\"Lato\",Sans-serif !important}@media screen and (max-width:999px){.stk-69ec4fb .stk-block-heading__text{font-size:50px !important}}<\/style><h1 class=\"stk-block-heading__text has-text-color\"><strong><strong>O projektu&nbsp;<\/strong><\/strong><\/h1><\/div>\n<\/div><\/div><\/div>\n<\/div><\/div>\n\n\n\n<div class=\"wp-block-stackable-heading stk-block-heading stk-block-heading--v2 stk-block stk-d956343\" id=\"strong-shrnuti-projektu-strong\" data-block-id=\"d956343\"><style>.stk-d956343{padding-top:12px !important;padding-right:12px !important;padding-bottom:12px !important;padding-left:12px !important}<\/style><h2 class=\"stk-block-heading__text\"><strong>Shrnut\u00ed projektu<\/strong><\/h2><\/div>\n\n\n\n<div class=\"wp-block-stackable-columns stk-block-columns stk-block stk-5177731\" data-block-id=\"5177731\"><style>.stk-5177731{margin-bottom:100px !important}<\/style><div class=\"stk-row stk-inner-blocks stk-block-content stk-content-align stk-5177731-column\">\n<div class=\"wp-block-stackable-column stk-block-column stk-column stk-block stk-38c2de9\" data-v=\"4\" data-block-id=\"38c2de9\"><div class=\"stk-column-wrapper stk-block-column__content stk-container stk-38c2de9-container stk--no-background stk--no-padding\"><div class=\"stk-block-content stk-inner-blocks stk-38c2de9-inner-blocks\">\n<p>\u010cetn\u00e9 studie a \u00fadaje ukazuj\u00ed, \u017ee pov\u011bdom\u00ed o zm\u011bn\u011b klimatu a znalosti o evropsk\u00e9 klimatick\u00e9 politice jsou ve st\u0159edoevropsk\u00e9 spole\u010dnosti (zejm\u00e9na mezi mlad\u00fdmi lidmi) n\u00edzk\u00e9. Vzd\u011bl\u00e1v\u00e1n\u00ed o klimatu v Polsku, \u010cesk\u00e9 republice, na Slovensku a v Ma\u010farsku na \u0161kol\u00e1ch prakticky neexistuje a mlad\u00ed lid\u00e9 \u010dasto z\u00edsk\u00e1vaj\u00ed informace ze soci\u00e1ln\u00edch m\u00e9di\u00ed a dostupn\u00fdch popul\u00e1rn\u00edch zdroj\u016f. C\u00edlem projektu je rozs\u00e1hl\u00e1 vzd\u011bl\u00e1vac\u00ed kampa\u0148 o zm\u011bn\u011b klimatu a jej\u00edch d\u016fsledc\u00edch, o klimatick\u00e9 politice Evropsk\u00e9 unie, a tak\u00e9 o n\u00e1stroj\u00edch, kter\u00e9 maj\u00ed jednotlivci k dispozici, aby se mohli dom\u00e1hat jej\u00ed realizace na n\u00e1rodn\u00ed \u00farovni. Kampa\u0148 je zam\u011b\u0159ena na studenty \u0161kol a univerzit a na nevl\u00e1dn\u00ed organizace zab\u00fdvaj\u00edc\u00ed se ochranou \u017eivotn\u00edho prost\u0159ed\u00ed a klimatu. Pl\u00e1novan\u00e9 ud\u00e1losti budou m\u00edt podobu praktick\u00fdch workshop\u016f. C\u00edlem partnersk\u00fdch organizac\u00ed je oslovit a poskytnout \u0161kolen\u00ed p\u0159ibli\u017en\u011b 3 000 \u00fa\u010dastn\u00edk\u016f ve \u010dty\u0159ech zem\u00edch st\u0159edoevropsk\u00e9ho regionu. Projekt realizuje s\u00ed\u0165 nevl\u00e1dn\u00edch organizac\u00ed a univerzit ze v\u0161ech z\u00fa\u010dastn\u011bn\u00fdch zem\u00ed.<\/p>\n\n\n\n<p>Partnersk\u00e9 organizace: Polish Green Network (PL), University of Silesia (PL), Klimatick\u00e1 \u017ealoba \u010cR (CZ), Masarykova univerzita (CZ), Univerzita Komensk\u00e9ho v Bratislav\u011b (SK), Asociace agr\u00e1rn\u00edch a environment\u00e1ln\u00edch pr\u00e1vn\u00edk\u016f (SK), Friends of the Earth Hungary (HU)<\/p>\n<\/div><\/div><\/div>\n\n\n\n<div class=\"wp-block-stackable-column stk-block-column stk-column stk-block stk-5ee533a\" data-v=\"4\" data-block-id=\"5ee533a\"><div class=\"stk-column-wrapper stk-block-column__content stk-container stk-5ee533a-container stk--no-background stk--no-padding\"><div class=\"stk-block-content stk-inner-blocks stk-5ee533a-inner-blocks\">\n<div class=\"wp-block-stackable-image stk-block-image stk-block stk-3746bfd\" data-block-id=\"3746bfd\"><figure class=\"stk-img-wrapper stk-image--shape-stretch\"><img loading=\"lazy\" decoding=\"async\" class=\"stk-img wp-image-1135\" src=\"https:\/\/agitproject.info\/wp-content\/uploads\/2023\/05\/AGIT_wizualizacja_9-1.png\" width=\"1200\" height=\"900\" srcset=\"https:\/\/agitproject.info\/wp-content\/uploads\/2023\/05\/AGIT_wizualizacja_9-1.png 1200w, https:\/\/agitproject.info\/wp-content\/uploads\/2023\/05\/AGIT_wizualizacja_9-1-300x225.png 300w, https:\/\/agitproject.info\/wp-content\/uploads\/2023\/05\/AGIT_wizualizacja_9-1-1024x768.png 1024w, https:\/\/agitproject.info\/wp-content\/uploads\/2023\/05\/AGIT_wizualizacja_9-1-768x576.png 768w\" sizes=\"auto, (max-width: 1200px) 100vw, 1200px\" \/><\/figure><\/div>\n<\/div><\/div><\/div>\n<\/div><\/div>\n","protected":false},"excerpt":{"rendered":"<p>O projektu&nbsp; Shrnut\u00ed projektu \u010cetn\u00e9 studie a \u00fadaje ukazuj\u00ed, \u017ee pov\u011bdom\u00ed o zm\u011bn\u011b klimatu a znalosti o evropsk\u00e9 klimatick\u00e9 politice jsou ve st\u0159edoevropsk\u00e9 spole\u010dnosti (zejm\u00e9na mezi mlad\u00fdmi lidmi) n\u00edzk\u00e9. Vzd\u011bl\u00e1v\u00e1n\u00ed o klimatu v Polsku, \u010cesk\u00e9 republice, na Slovensku a v Ma\u010farsku na \u0161kol\u00e1ch prakticky neexistuje a mlad\u00ed lid\u00e9 \u010dasto z\u00edsk\u00e1vaj\u00ed informace ze soci\u00e1ln\u00edch m\u00e9di\u00ed a [&hellip;]<\/p>\n","protected":false},"author":1,"featured_media":0,"parent":1166,"menu_order":0,"comment_status":"closed","ping_status":"closed","template":"","meta":{"footnotes":""},"class_list":["post-1222","page","type-page","status-publish","hentry"],"blocksy_meta":{"vertical_spacing_source":"custom","content_area_spacing":"none"},"_links":{"self":[{"href":"https:\/\/agitproject.info\/index.php\/wp-json\/wp\/v2\/pages\/1222","targetHints":{"allow":["GET"]}}],"collection":[{"href":"https:\/\/agitproject.info\/index.php\/wp-json\/wp\/v2\/pages"}],"about":[{"href":"https:\/\/agitproject.info\/index.php\/wp-json\/wp\/v2\/types\/page"}],"author":[{"embeddable":true,"href":"https:\/\/agitproject.info\/index.php\/wp-json\/wp\/v2\/users\/1"}],"replies":[{"embeddable":true,"href":"https:\/\/agitproject.info\/index.php\/wp-json\/wp\/v2\/comments?post=1222"}],"version-history":[{"count":8,"href":"https:\/\/agitproject.info\/index.php\/wp-json\/wp\/v2\/pages\/1222\/revisions"}],"predecessor-version":[{"id":1498,"href":"https:\/\/agitproject.info\/index.php\/wp-json\/wp\/v2\/pages\/1222\/revisions\/1498"}],"up":[{"embeddable":true,"href":"https:\/\/agitproject.info\/index.php\/wp-json\/wp\/v2\/pages\/1166"}],"wp:attachment":[{"href":"https:\/\/agitproject.info\/index.php\/wp-json\/wp\/v2\/media?parent=1222"}],"curies":[{"name":"wp","href":"https:\/\/api.w.org\/{rel}","templated":true}]}}